he remainder when o is divided by 4.
3
Let i be (-18)/(-4)*8/12. Suppose -i*f = -37 - 8. Let q(d) = -44*d**3 - 2*d**2 + 1. What is the remainder when q(-1) is divided by f?
13
Suppose -3*i - 15 = -z, -4*z = -2*i + 3 - 23. Let a be (-290)/i*(-24)/(-30). Suppose 2*o + 2 = a. Calculate the remainder when o is divided by 10.
8
Let x(o) = -o**3 + 3*o**2 + 4*o - 3. Let k(t) = t. Let p be k(3). Calculate the remainder when 25 is divided by x(p).
7
Let q be (8/5)/(1/370). What is the remainder when q/11 + (-6)/(-33) is divided by 14?
12
Let x = 60 - 24. Suppose -4 - 4 = -4*a. Suppose -2*z + 48 = -2*b, a*b = z - 2*z + 9. What is the remainder when x is divided by z?
17
Suppose 3 = 2*y + 7. What is the remainder when (2 + y - 0) + 6 is divided by 4?
2
Let o(f) = 2*f - 2. Let a be o(2). Suppose a*s + 2*s = -28. Let t = 20 + s. What is the remainder when t is divided by 5?
3
Let b = -13 - -3. Let a(o) = o + 18. Calculate the remainder when 96/7 - (-2)/7 is divided by a(b).
6
Let v(o) = -o**3 - 3*o**2 + o + 3. Let l be v(-3). Suppose l = -3*q - q + 96. Let j = q + -9. What is the remainder when 27 is divided by j?
12
Let a = -20 - 18. Let p = -20 - a. Suppose -14 + 34 = 2*j. Calculate the remainder when p is divided by j.
8
Let q = 4 - 1. Let n be 10*(q/1)/6. Suppose -n*z + 28 + 34 = -u, -5*z - 2*u = -71. Calculate the remainder when z is divided by 7.
6
Suppose -5*z - 4*a + 208 = 0, -2*a + 0*a = -4. What is the remainder when z is divided by 22?
18
Suppose -r - 36 - 19 = 3*o, -125 = 5*o - 5*r. Let c be (-8)/o + (-8)/(-5). Calculate the remainder when 44 is divided by 1*30/(c + 0).
14
Suppose -v = 5*v - 216. Calculate the remainder when 70 is divided by v.
34
Suppose -4*c + 5*c = 5*s - 105, 0 = -s - 2*c + 32. What is the remainder when 41 is divided by s?
19
Suppose 3*l = 1 + 5. Suppose l*c - 4 - 64 = 0. Calculate the remainder when c is divided by 9.
7
Let s be (-1)/(-2) - 1/(-2). Let v(i) = s + 8*i + 2 + 0*i. What is the remainder when v(3) is divided by 14?
13
Let m be (-62)/(-4)*(5 + 5). Calculate the remainder when 30 is divided by 1/2 - m/(-10).
14
Suppose 5*v + 12 = 2*v, -5*c + 5*v + 60 = 0. Calculate the remainder when 14 is divided by c.
6
Let o(f) = f + 10. Let a be o(-12). Let q(n) = -13*n + 1. Calculate the remainder when q(a) is divided by 14.
13
Suppose 2*x = 3*x - 2. Calculate the remainder when 13 is divided by 92/20 - x/(-5).
3
Let z = -11 + 79. What is the remainder when z is divided by 18?
14
Suppose 93 = 5*i - a, a - 40 = -i - i. Suppose 0 = p + 4*p + 10. Calculate the remainder when -2*p*74/8 is divided by i.
18
Let a = 21 + -5. Calculate the remainder when 61 is divided by a.
13
Let a = 19 - 14. What is the remainder when 9 is divided by a?
4
Let j(n) = n**2 - 15*n + 3. Let m be j(15). Calculate the remainder when 12 + 3/m + -2 is divided by 7.
4
Suppose 3*d - 30 = 3*w, 4*w + 0*w - 72 = -4*d. Suppose 2*u + 29 + d = 3*n, -4 = -4*u. What is the remainder when n is divided by 6?
3
Suppose -l = -3*c - 23, -l = 4*c - 0*c - 16. Let k(s) = -2*s - 5. Calculate the remainder when l is divided by k(-6).
6
Let l = 14 - 8. Let d = -3 + l. Calculate the remainder when 4 is divided by d.
1
Let n(m) = -9*m - 3. Calculate the remainder when n(-3) is divided by 20/150 - 193/(-15).
11
Let m be -5*(2 + -1 - 2). Suppose 3*z = -m*y + 193, z + 1 - 76 = y. What is the remainder when z is divided by 15?
11
Let i = 7 + 3. Let v = i - 8. Suppose -m = -5*j + 42, -j - 2*m - v + 6 = 0. What is the remainder when 23 is divided by j?
7
Suppose -5*i + 5 = -l, i = 4*l - 3 + 4. Suppose z - 3*a = 6*z + 5, -z - 4*a - 18 = l. Calculate the remainder when 2 is divided by z.
0
Suppose 2*p = -5*d + 5 + 25, -d = 4*p - 6. Calculate the remainder when 9 is divided by d.
3
Let m(j) = j**2 - 9*j + 9. Let z be m(7). Let q = 13 + z. Suppose -k = 4*p - 17, -2*k - 12 = 2*p - 28. Calculate the remainder when q is divided by k.
3
Let q(n) = n - 1. Let h be q(4). Suppose 40 = 3*k - y - 8, 0 = -4*k + h*y + 69. What is the remainder when 2 - (-40 - 2/1) is divided by k?
14
Let g(r) = r**3 + 8*r**2 + 7*r + 7. What is the remainder when g(-7) is divided by 5?
2
Suppose -2 = 2*j - 2*w, 5*j + 2*w = -0*w + 30. What is the remainder when 2*4 - (j - 3) is divided by 4?
3
Suppose 0 = -5*b + 3*m + 49, 4*m - 21 - 20 = -3*b. Let l = b - 7. Calculate the remainder when 11 is divided by l.
3
Suppose -2*q + 7*q - 15 = -2*r, -2*r = -4*q - 6. What is the remainder when 36 is divided by 9*q + (7 - 3)?
10
Let o(v) = v**3 + 7*v**2 - 7*v + 9. Let p = 21 - 29. Let m be o(p). Calculate the remainder when 40 is divided by (-2 + 0)*(-7)/m.
12
Let b be (-3)/(-2)*(1 + 1). Suppose 1 = b*j - 131. What is the remainder when j is divided by 15?
14
Suppose -3*d - 3 - 3 = 0, -4*p = -3*d + 78. Let q = -5 - p. What is the remainder when q is divided by 9?
7
Let u = -10 + 75. What is the remainder when u is divided by 22?
21
Suppose 5*u - 12 + 37 = 0. Let a(w) = 16*w**3 - 5*w**2 - 4*w**3 - 7*w + 2 - 6*w**3 - 7*w**3. Calculate the remainder when a(u) is divided by 13.
11
Let x(d) = 5*d + 31. Calculate the remainder when x(8) is divided by 28.
15
Let x(u) = -u + 1. Let i be 1/(((-2)/266)/(-1)). Calculate the remainder when (-4)/(-18) - i/(-9) is divided by x(-7).
7
Let h(j) = -4*j - 1. Let w be h(2). Let n = w + 17. What is the remainder when 21 is divided by n?
5
Suppose -g + 6 = -3*g. Suppose 0 = -f - f + 36. Calculate the remainder when f is divided by 1/1 - 27/g.
8
Suppose -8 = -2*v + 6*v, 0 = -2*k - 2*v + 28. Calculate the remainder when 60 is divided by k.
12
Let t = 38 + -12. Suppose 0 = -10*u + 5*u + 10. Suppose -t = -0*p - u*p. What is the remainder when p is divided by 4?
1
Let w = -8 + 14. Suppose 4*r = 3*m - 2 - 14, 2*m + 4*r - 4 = 0. Calculate the remainder when w is divided by m.
2
Suppose p - 2*w = 8, 4*w = -4*p + 15 - 7. Suppose 6*t = p*t + 60. Calculate the remainder when 163/5 - (-12)/t is divided by 17.
16
Suppose 5*b + 20 = -30. Let h = -22 - b. Let f = h + 27. Calculate the remainder when 43 is divided by f.
13
Suppose 2*m + 22 = -0*m. Let p = 21 + m. What is the remainder when 37 is divided by p?
7
Let z(k) = -k**3 - 4*k**2 - 4*k + 4. Let d be z(-3). Suppose -d*c = -2*c - 55. What is the remainder when c is divided by 5?
1
Suppose 0 = -14*w + 18*w - 592. Calculate the remainder when w is divided by 15.
13
Let m be (80/6)/((-6)/(-9)). Suppose -m = -5*v, -58 = -2*g - 0*g + v. What is the remainder when g is divided by (1 + -2)/(2/(-16))?
7
Suppose -2*a + 2*y + 22 = 0, 4*y + 0*y = -3*a + 61. Calculate the remainder when a is divided by 3*3*(-2)/(-3).
3
Let i = 4 + -13. Calculate the remainder when 79 is divided by (i + -1)/(2/(-4)).
19
Let q = 120 - 43. Calculate the remainder when q is divided by 39.
38
Let o = -33 + 46. Calculate the remainder when o is divided by (28/16 - 2) + (-17)/(-4).
1
Let c(k) = -2*k - 3*k**2 + 2*k**2 + k**3 + 3*k**2 + 3. What is the remainder when 29 is divided by c(2)?
14
Let o(y) = 2*y**2 - 7*y - 9. Calculate the remainder when o(-4) is divided by 13.
12
Suppose -7*u + 63 = -287. Calculate the remainder when u is divided by 17.
16
Suppose 4*l + 16 = 0, 22 = 2*z - 0*l - l. Calculate the remainder when 43 is divided by z.
7
Suppose -14*b + 20 = -8. Let k(h) = -h**3 + h**2 + 3*h - 1. Calculate the remainder when b is divided by k(2).
0
Let p = 1 - -4. Suppose -6 - 19 = -p*d. Suppose d*n - 48 = 42. Calculate the remainder when n is divided by 10.
8
Let h be 100/36 + (-4)/(-18). Let l be 2/((-3)/h) + 6. Suppose j + 33 = l*j. What is the remainder when j is divided by 6?
5
Let a = 56 - 17. What is the remainder when a is divided by 14?
11
Calculate the remainder when 7 is divided by (-3)/(-15) - (-24)/5.
2
Let j(s) = s**2 + 10*s - 11. Let r = -5 + 22. Let w = 5 - r. What is the remainder when 24 is divided by j(w)?
11
Let o(w) = -w**2 + 6*w + 14. Calculate the remainder when 111 is divided by o(6).
13
Let t(s) be the third derivative of s**4/4 + s**3/6 - 5*s**2. Calculate the remainder when t(3) is divided by 10.
9
Calculate the remainder when 1/4 - (-3790)/40 is divided by 16.
15
Calculate the remainder when 44 is divided by 30*-6*1/(-15).
8
Suppose c = -3*p + 2, -4 = -3*p + c - 3*c. Let u(n) = n - 1. Let h be u(p). What is the remainder when 54 is divided by 81/6 + h/(-2)?
12